{"id":40,"date":"2024-10-09T07:13:01","date_gmt":"2024-10-09T05:13:01","guid":{"rendered":"http:\/\/localhost:8886\/?page_id=40"},"modified":"2024-10-11T20:35:37","modified_gmt":"2024-10-11T18:35:37","slug":"anunciese","status":"publish","type":"page","link":"https:\/\/imagen-radio.com\/radio\/anunciese\/","title":{"rendered":"Anunciese"},"content":{"rendered":"\n<div style=\"height:25px\" aria-hidden=\"true\" class=\"wp-block-spacer\"><\/div>\n\n\n\n<div class=\"wp-block-cover is-light has-text-color has-link-color wp-elements-4c3dca75d36907b05c28d87ffbae2281\" style=\"color:#cccccc\"><span aria-hidden=\"true\" class=\"wp-block-cover__background has-black-background-color has-background-dim-10 has-background-dim\"><\/span><div class=\"wp-block-cover__inner-container is-layout-constrained wp-block-cover-is-layout-constrained\">\n<div style=\"height:25px\" aria-hidden=\"true\" class=\"wp-block-spacer\"><\/div>\n\n\n\n<div class=\"wp-block-columns is-layout-flex wp-container-core-columns-is-layout-9d6595d7 wp-block-columns-is-layout-flex\">\n<div class=\"wp-block-column is-layout-flow wp-block-column-is-layout-flow\">\n<p><em><strong>Somos Imagen Radio El Salvador, La estaci\u00f3n que ofrece Tu m\u00fasica favorita\u2026 \u00a1Con Presencia!<\/strong><\/em><\/p>\n\n\n\n<p><em>Transmitimos las 24 horas del d\u00eda, todos los d\u00edas del a\u00f1o, para el mundo entero a trav\u00e9s de nuestro sitio web www.imagen-radio.com<\/em><\/p>\n\n\n\n<p><em>Actualmente nuestra estaci\u00f3n radial cuenta con <strong>audiencia reportada diariamente en m\u00e1s de 25 pa\u00edses a nivel internacional y en El Salvador en los 14 departamentos<\/strong><\/em><\/p>\n\n\n\n<p><em>Ponemos a su disposici\u00f3n nuestros espacios de pauta comercial en nuestra radio, emisora de corte adulto contempor\u00e1neo, con \u00e9xitos musicales internacionales y programas en vivo de gran aceptaci\u00f3n por la audiencia<\/em><\/p>\n\n\n\n<p><\/p>\n\n\n\n<p><em>Contamos con servicios de grabaci\u00f3n y producci\u00f3n, variedad de voces y una amplia base de audiencia nacional e internacional, para promocionar sus productos y servicios <\/em><\/p>\n\n\n\n<p><em>Le ofrecemos la producci\u00f3n de sus cu\u00f1as comerciales para la emisi\u00f3n en los espacios en vivo de nuestra radio online, espacios para entrevistas o reserva de tiempo al aire para la emisi\u00f3n de sus propios programas<\/em><\/p>\n<\/div>\n\n\n\n<div class=\"wp-block-column is-layout-flow wp-block-column-is-layout-flow\">\n<div class=\"wp-block-cover is-light has-white-color has-text-color has-link-color wp-elements-f2062db2d99f00c6d10ece5d16d93ba9\" style=\"min-height:105px;aspect-ratio:unset;\"><span aria-hidden=\"true\" class=\"wp-block-cover__background has-black-background-color has-background-dim-10 has-background-dim\"><\/span><div class=\"wp-block-cover__inner-container is-layout-constrained wp-block-cover-is-layout-constrained\">\n<h3 class=\"wp-block-heading\">Paquete 1 de rotaci\u00f3n de cu\u00f1as publicitarias:<\/h3>\n\n\n\n<p>Rotaci\u00f3n de 10 cu\u00f1as diarias de 30 segundos, de lunes a domingo en el horario preferencial: de 9am a 9pm<\/p>\n<\/div><\/div>\n\n\n\n<div style=\"height:100px\" aria-hidden=\"true\" class=\"wp-block-spacer\"><\/div>\n\n\n\n<div class=\"wp-block-cover is-light has-white-color has-text-color has-link-color wp-elements-f9feb2ae9a9b39837712a9e06aa08e4d\" style=\"min-height:153px;aspect-ratio:unset;\"><span aria-hidden=\"true\" class=\"wp-block-cover__background has-black-background-color has-background-dim-10 has-background-dim\"><\/span><div class=\"wp-block-cover__inner-container is-layout-constrained wp-block-cover-is-layout-constrained\">\n<h3 class=\"wp-block-heading\">Paquete 2 de rotaci\u00f3n de cu\u00f1as publicitarias:<\/h3>\n\n\n\n<p>Menciones durante los programas en vivo, mas:<br>Rotaci\u00f3n de 20 cu\u00f1as diarias de 30 segundos, de lunes a domingo en el horario preferencial: 9am a 9pm<\/p>\n<\/div><\/div>\n\n\n\n<div style=\"height:100px\" aria-hidden=\"true\" class=\"wp-block-spacer\"><\/div>\n\n\n\n<div class=\"wp-block-cover is-light has-white-color has-text-color has-link-color wp-elements-906724673fe1dd48863a1c15b3667463\" style=\"min-height:142px;aspect-ratio:unset;\"><span aria-hidden=\"true\" class=\"wp-block-cover__background has-black-background-color has-background-dim-10 has-background-dim\"><\/span><div class=\"wp-block-cover__inner-container is-layout-constrained wp-block-cover-is-layout-constrained\">\n<h3 class=\"wp-block-heading\">Paquete 3 de rotaci\u00f3n de cu\u00f1as publicitarias:<\/h3>\n\n\n\n<p>Menciones durante los programas en vivo, mas:<br>Rotaci\u00f3n de 30 cu\u00f1as diarias de 30 segundos, de lunes a domingo en el horario preferencial: 9am a 9pm<\/p>\n<\/div><\/div>\n<\/div>\n<\/div>\n\n\n\n<div style=\"height:25px\" aria-hidden=\"true\" class=\"wp-block-spacer\"><\/div>\n<\/div><\/div>\n","protected":false},"excerpt":{"rendered":"<div class=\"mh-excerpt\"><\/div>","protected":false},"author":2,"featured_media":0,"parent":0,"menu_order":0,"comment_status":"closed","ping_status":"closed","template":"","meta":{"footnotes":""},"class_list":["post-40","page","type-page","status-publish","hentry"],"_links":{"self":[{"href":"https:\/\/imagen-radio.com\/radio\/wp-json\/wp\/v2\/pages\/40","targetHints":{"allow":["GET"]}}],"collection":[{"href":"https:\/\/imagen-radio.com\/radio\/wp-json\/wp\/v2\/pages"}],"about":[{"href":"https:\/\/imagen-radio.com\/radio\/wp-json\/wp\/v2\/types\/page"}],"author":[{"embeddable":true,"href":"https:\/\/imagen-radio.com\/radio\/wp-json\/wp\/v2\/users\/2"}],"replies":[{"embeddable":true,"href":"https:\/\/imagen-radio.com\/radio\/wp-json\/wp\/v2\/comments?post=40"}],"version-history":[{"count":10,"href":"https:\/\/imagen-radio.com\/radio\/wp-json\/wp\/v2\/pages\/40\/revisions"}],"predecessor-version":[{"id":156,"href":"https:\/\/imagen-radio.com\/radio\/wp-json\/wp\/v2\/pages\/40\/revisions\/156"}],"wp:attachment":[{"href":"https:\/\/imagen-radio.com\/radio\/wp-json\/wp\/v2\/media?parent=40"}],"curies":[{"name":"wp","href":"https:\/\/api.w.org\/{rel}","templated":true}]}}

<div style="height:25px" aria-hidden="true" class="wp-block-spacer"></div>



<div class="wp-block-cover is-light has-text-color has-link-color wp-elements-4c3dca75d36907b05c28d87ffbae2281" style="color:#cccccc"><span aria-hidden="true" class="wp-block-cover__background has-black-background-color has-background-dim-10 has-background-dim"></span><div class="wp-block-cover__inner-container is-layout-constrained wp-block-cover-is-layout-constrained">
<div style="height:25px" aria-hidden="true" class="wp-block-spacer"></div>



<div class="wp-block-columns is-layout-flex wp-container-core-columns-is-layout-9d6595d7 wp-block-columns-is-layout-flex">
<div class="wp-block-column is-layout-flow wp-block-column-is-layout-flow">
<p><em><strong>Somos Imagen Radio El Salvador, La estación que ofrece Tu música favorita… ¡Con Presencia!</strong></em></p>



<p><em>Transmitimos las 24 horas del día, todos los días del año, para el mundo entero a través de nuestro sitio web www.imagen-radio.com</em></p>



<p><em>Actualmente nuestra estación radial cuenta con <strong>audiencia reportada diariamente en más de 25 países a nivel internacional y en El Salvador en los 14 departamentos</strong></em></p>



<p><em>Ponemos a su disposición nuestros espacios de pauta comercial en nuestra radio, emisora de corte adulto contemporáneo, con éxitos musicales internacionales y programas en vivo de gran aceptación por la audiencia</em></p>



<p></p>



<p><em>Contamos con servicios de grabación y producción, variedad de voces y una amplia base de audiencia nacional e internacional, para promocionar sus productos y servicios </em></p>



<p><em>Le ofrecemos la producción de sus cuñas comerciales para la emisión en los espacios en vivo de nuestra radio online, espacios para entrevistas o reserva de tiempo al aire para la emisión de sus propios programas</em></p>
</div>



<div class="wp-block-column is-layout-flow wp-block-column-is-layout-flow">
<div class="wp-block-cover is-light has-white-color has-text-color has-link-color wp-elements-f2062db2d99f00c6d10ece5d16d93ba9" style="min-height:105px;aspect-ratio:unset;"><span aria-hidden="true" class="wp-block-cover__background has-black-background-color has-background-dim-10 has-background-dim"></span><div class="wp-block-cover__inner-container is-layout-constrained wp-block-cover-is-layout-constrained">
<h3 class="wp-block-heading">Paquete 1 de rotación de cuñas publicitarias:</h3>



<p>Rotación de 10 cuñas diarias de 30 segundos, de lunes a domingo en el horario preferencial: de 9am a 9pm</p>
</div></div>



<div style="height:100px" aria-hidden="true" class="wp-block-spacer"></div>



<div class="wp-block-cover is-light has-white-color has-text-color has-link-color wp-elements-f9feb2ae9a9b39837712a9e06aa08e4d" style="min-height:153px;aspect-ratio:unset;"><span aria-hidden="true" class="wp-block-cover__background has-black-background-color has-background-dim-10 has-background-dim"></span><div class="wp-block-cover__inner-container is-layout-constrained wp-block-cover-is-layout-constrained">
<h3 class="wp-block-heading">Paquete 2 de rotación de cuñas publicitarias:</h3>



<p>Menciones durante los programas en vivo, mas:<br>Rotación de 20 cuñas diarias de 30 segundos, de lunes a domingo en el horario preferencial: 9am a 9pm</p>
</div></div>



<div style="height:100px" aria-hidden="true" class="wp-block-spacer"></div>



<div class="wp-block-cover is-light has-white-color has-text-color has-link-color wp-elements-906724673fe1dd48863a1c15b3667463" style="min-height:142px;aspect-ratio:unset;"><span aria-hidden="true" class="wp-block-cover__background has-black-background-color has-background-dim-10 has-background-dim"></span><div class="wp-block-cover__inner-container is-layout-constrained wp-block-cover-is-layout-constrained">
<h3 class="wp-block-heading">Paquete 3 de rotación de cuñas publicitarias:</h3>



<p>Menciones durante los programas en vivo, mas:<br>Rotación de 30 cuñas diarias de 30 segundos, de lunes a domingo en el horario preferencial: 9am a 9pm</p>
</div></div>
</div>
</div>



<div style="height:25px" aria-hidden="true" class="wp-block-spacer"></div>
</div></div>
